s digit of 64555749?
5
What is the hundred millions digit of 1102568839?
1
What is the ten millions digit of 1987937200?
8
What is the ten thousands digit of 387597465?
9
What is the hundred thousands digit of 248940749?
9
What is the thousands digit of 274864164?
4
What is the hundred thousands digit of 18826843?
8
What is the thousands digit of 45892087?
2
What is the hundred thousands digit of 208787887?
7
What is the units digit of 139081599?
9
What is the units digit of 3356074708?
8
What is the thousands digit of 9172734?
2
What is the ten millions digit of 51193430?
5
What is the ten millions digit of 76657874?
7
What is the millions digit of 84024545?
4
What is the thousands digit of 74814792?
4
What is the units digit of 12398997?
7
What is the hundred thousands digit of 55290241?
2
What is the units digit of 803137159?
9
What is the units digit of 97392519?
9
What is the hundred thousands digit of 505020391?
0
What is the hundred thousands digit of 1442160031?
1
What is the hundred thousands digit of 25664742?
6
What is the ten millions digit of 120083631?
2
What is the ten thousands digit of 293527722?
2
What is the hundred millions digit of 279639110?
2
What is the tens digit of 41841714?
1
What is the millions digit of 921375296?
1
What is the hundreds digit of 98244362?
3
What is the millions digit of 41265784?
1
What is the hundreds digit of 13779989?
9
What is the millions digit of 21135946?
1
What is the millions digit of 74918567?
4
What is the millions digit of 69072812?
9
What is the hundreds digit of 2504367892?
8
What is the hundred millions digit of 166959317?
1
What is the ten millions digit of 2584495410?
8
What is the tens digit of 146985587?
8
What is the hundreds digit of 95198791?
7
What is the millions digit of 7842689844?
2
What is the hundred millions digit of 4835624273?
8
What is the thousands digit of 42847892?
7
What is the ten thousands digit of 658111832?
1
What is the ten millions digit of 546231033?
4
What is the hundred thousands digit of 1302669011?
6
What is the hundred millions digit of 147883331?
1
What is the hundred millions digit of 353612997?
3
What is the hundreds digit of 47658404?
4
What is the ten millions digit of 220658086?
2
What is the thousands digit of 891609437?
9
What is the hundred millions digit of 152779238?
1
What is the billions digit of 8408723581?
8
What is the ten thousands digit of 3594515?
9
What is the ten millions digit of 267559737?
6
What is the thousands digit of 651280706?
0
What is the units digit of 726587794?
4
What is the millions digit of 176148740?
6
What is the ten millions digit of 3823109055?
2
What is the thousands digit of 83620087?
0
What is the hundreds digit of 749214285?
2
What is the hundreds digit of 19815600?
6
What is the hundred millions digit of 251170232?
2
What is the thousands digit of 247381476?
1
What is the ten millions digit of 408125171?
0
What is the ten millions digit of 312697252?
1
What is the hundreds digit of 1686920781?
7
What is the thousands digit of 256545138?
5
What is the units digit of 487548590?
0
What is the tens digit of 297071208?
0
What is the units digit of 162419125?
5
What is the tens digit of 267973111?
1
What is the thousands digit of 6698800554?
0
What is the ten millions digit of 235141340?
3
What is the units digit of 227153941?
1
What is the tens digit of 73407628?
2
What is the hundred millions digit of 272777550?
2
What is the hundred thousands digit of 169552075?
5
What is the units digit of 576388154?
4
What is the units digit of 10551517?
7
What is the hundreds digit of 176664603?
6
What is the millions digit of 63321431?
3
What is the millions digit of 74366370?
4
What is the tens digit of 434595644?
4
What is the hundred millions digit of 1782072397?
7
What is the ten thousands digit of 1467488840?
8
What is the ten millions digit of 44727670?
4
What is the millions digit of 1312907020?
2
What is the units digit of 363726521?
1
What is the hundred thousands digit of 55510366?
5
What is the millions digit of 18326397?
8
What is the millions digit of 33363189?
3
What is the hundred millions digit of 105714993?
1
What is the billions digit of 1265710292?
1
What is the tens digit of 44188713?
1
What is the tens digit of 780212128?
2
What is the units digit of 92875071?
1
What is the hundred thousands digit of 115154320?
1
What is the thousands digit of 499272897?
2
What is the hundreds digit of 61077968?
9
What is the ten millions digit of 825423708?
2
What is the ten millions digit of 11668733?
1
What is the hundred thousands digit of 1464658213?
6
What is the tens digit of 2371587793?
9
What is the thousands digit of 103256331?
6
What is the hundred thousands digit of 151650672?
6
What is the units digit of 1936539039?
9
What is the thousands digit of 6038984184?
4
What is the tens digit of 57585250?
5
What is the tens digit of 217740291?
9
What is the tens digit of 4948550385?
8
What is the ten millions digit of 665757268?
6
What is the ten millions digit of 1934129750?
3
What is the ten thousands digit of 619892829?
9
What is the ten millions digit of 429519547?
2
What is the millions digit of 277557544?
7
What is the tens digit of 1422087082?
8
What is the hundreds digit of 836290376?
3
What is the ten millions digit of 441763439?
4
What is the tens digit of 29474188?
8
What is the ten thousands digit of 471552313?
5
What is the ten millions digit of 514148311?
1
What is the units digit of 738796595?
5
What is the thousands digit of 26578207?
8
What is the thousands digit of 1485630182?
0
What is the hundreds digit of 812594813?
8
What is the tens digit of 31848568?
6
What is the ten thousands digit of 155842129?
4
What is the millions digit of 4392261902?
2
What is the tens digit of 333351431?
3
What is the hundred thousands digit of 26625167?
6
What is the hundreds digit of 107049148?
1
What is the hundred millions digit of 256103606?
2
What is the thousands digit of 4119351197?
1
What is the ten millions digit of 62918967?
6
What is the hundred thousands digit of 109299926?
2
What is the units digit of 12639516?
6
What is the hundred thousands digit of 3005715826?
7
What is the ten thousands digit of 57439138?
3
What is the hundreds digit of 13765320?
3
What is the units digit of 2405996546?
6
What is the billions digit of 1116448624?
1
What is the tens digit of 421267068?
6
What is the hundreds digit of 35477485?
4
What is the tens digit of 85088325?
2
What is the ten thousands digit of 19215742?
1
What is the tens digit of 2773630001?
0
What is the hundreds digit of 3322866068?
0
What is the ten millions digit of 741858300?
4
What is the hundred thousands digit of 17008599?
0
What is the ten millions digit of 1068235816?
6
What is the tens digit of 51460786?
8
What is the millions digit of 272530124?
2
What is the millions digit of 159277472?
9
What is the hundred thousands digit of 3842123575?
1
What is the ten millions digit of 28499916?
2
What is the hundreds digit of 68333578?
5
What is the tens digit of 739711?
1
What is the units digit of 114535573?
3
What is the hundreds digit of 36798247?
2
What is the hundreds digit of 2818252645?
6
What is the hundreds digit of 8225615138?
1
What is the hundreds digit of 164562258?
2
What is the hundreds digit of 202325055?
0
What is the units digit of 10538902?
2
What is the hundred thousands digit of 1079906258?
9
What is the millions digit of 69587868?
9
What is the billions digit of 4671341545?
4
What is the units digit of 1346691800?
0
What is the units digit of 111221267?
7
What is the millions digit of 1194983416?
4
What is the ten millions digit of 1878702221?
7
What is the hundred thousands digit of 1611765760?
7
What is the ten thousands digit of 47194833?
9
What is the units digit of 260556981?
1
What is the tens digit of 248459432?
3
What is the millions digit of 29534816?
9
What is the hundred thousands digit of 1297341713?
3
What is the ten thousands digit of 334159414?
5
What is the tens digit of 1575306715?
1
What is the hundred thousands digit of 21028932?
0
What is the units digit of 879517993?
3
What is the hundreds digit of 48416725?
7
What is the units digit of 1776660775?
5
What is the hundred thousands digit of 1067053300?
0
What